se 3*w - 2 = -2*d, 5*w + 4 = -5*d - 1. Suppose 5*n - 5*u - 25 = 0, u - 23 = -n - w*u. What are the prime factors of n?
2
Suppose 83*v = 31*v + 130728. What are the prime factors of v?
2, 3, 419
Let n(o) be the third derivative of 25*o**4/24 - 8*o**3/3 - 24*o**2. List the prime factors of n(5).
109
Let q = -7 + 67. Suppose o = -2*o + q. What are the prime factors of o?
2, 5
Suppose 0 = -17*p - 1113 - 978. Let k = -18 + 10. What are the prime factors of (k/(-24))/((-1)/p)?
41
Let l be 2/(-6) + 21/9 + 0. Suppose -4*v = l*v - 684. List the prime factors of v.
2, 3, 19
Let g(z) be the third derivative of 7*z**5/15 + z**4/24 - z**3/3 - 4*z**2. List the prime factors of g(1).
3
Let p(k) = k + 19. Let q be p(-14). Suppose i = 3*u - 16, -4*u + 2*u + q*i + 15 = 0. What are the prime factors of (-119)/(-3) + u/15?
2, 5
Suppose 4*d - 1 - 11 = 0, 6 = -3*j + 2*d. What are the prime factors of (15/10 - j)*(-30)/(-9)?
5
Let z = -2 - 2. What are the prime factors of (9 - 3)*(-2 - 14/z)?
3
Let l = -10 - -12. Suppose 8*u - 150 = l*u. List the prime factors of u.
5
Suppose -5*l - 44 = -l. Let h be (0 + 1)/(l/5258). List the prime factors of (-4)/(-20) - h/10.
2, 3
Let t = -11 - -27. Let o = -12 + t. Suppose 5*c - 16 = o*c. List the prime factors of c.
2
Let f be 5*(-3)/(45/(-24)). Suppose -448 - 360 = -f*g. List the prime factors of g.
101
Let c = -258 + 244. Let b be 80/6 - (-1)/(-3). Let o = b - c. List the prime factors of o.
3
Let w = -1521 + 2825. What are the prime factors of w?
2, 163
What are the prime factors of (-1 - -2)*81 + -3 + 3?
3
Suppose -2*i - 166 = -5*w, -3*i + 6*w - 2*w = 249. Let r = -38 - i. Suppose 27 = 4*k - r. List the prime factors of k.
2, 3
Let j be (-6)/(-15) - 13*1/(-5). Suppose 0*n - 59 = -n + 3*o, j*o + 15 = 0. What are the prime factors of n?
2, 11
Let l(g) = -g**3 + 2*g**2 - 2*g + 1. Let y be l(-3). Let f = -321 - -407. Let x = f - y. What are the prime factors of x?
2, 17
Suppose -4*p + 3*t + 42 = -7, -2*t = -10. Let r = -23 + p. List the prime factors of r/(7/4) + 59.
5, 11
What are the prime factors of ((-159)/(-9) + 2)/((-7)/(-21))?
59
Suppose -5*d + 66 = 2*k, 4*k + 3*d + 25 - 157 = 0. Let j = k - 28. Suppose 0 = -5*r + 60 + j. List the prime factors of r.
13
Suppose 221 - 56 = -5*j. Suppose 0 = 2*d - 6. List the prime factors of d/1 - (j + 3).
3, 11
Let g = 11 + 9. Let f = g + -60. List the prime factors of f/12*24/(-20).
2
Let m(q) = 646*q**2 - 21*q + 2. List the prime factors of m(2).
2, 3, 53
Let c = 1890 + -1199. List the prime factors of c.
691
Let c = 18 + -14. Suppose 12 = c*b - 8. What are the prime factors of b?
5
List the prime factors of ((-17972)/6)/(814/66 + -13).
4493
Let o be 68/18 + (-26)/(-117). What are the prime factors of 38*1 + o/(-1)?
2, 17
Let o = 28 + -25. Let x be 1/(((-9)/o)/(-6)). What are the prime factors of -1 + x - -59 - -3?
3, 7
Let x(i) be the third derivative of 0 - 1/120*i**6 + 1/12*i**5 + 0*i + 0*i**3 + 5/24*i**4 - i**2. List the prime factors of x(4).
2, 3
What are the prime factors of ((2 + 1)*1)/((-39)/(-6331))?
487
Suppose 8 = 8*o - 8. Let m be 0*(o/(-4) - -1). Suppose m = 5*w - k - 4*k - 170, 132 = 4*w - 3*k. List the prime factors of w.
2, 3, 5
Let z(w) be the second derivative of -17*w**3/6 + w**2 - 4*w. Let j be z(2). Let m = j - -54. List the prime factors of m.
2, 11
Let q = -10451 + 14918. What are the prime factors of q?
3, 1489
Let i be 4 - ((-1)/(-2) + 189/(-54)). Suppose -9 = -4*h + 3. Suppose h*p = -5*t + 57, -t + 8*p - i = 4*p. What are the prime factors of t?
3
What are the prime factors of (-3)/(-6) - (-8 + 39141/(-18))?
37, 59
Suppose 4*z = t - 18 + 113, 2*z + 2*t - 50 = 0. What are the prime factors of z?
2, 3
Let t(m) = 49*m**3 - 2*m**2 - 3*m - 6. Let h(i) = -148*i**3 + 6*i**2 + 9*i + 17. Let n(d) = 4*h(d) + 11*t(d). List the prime factors of n(-1).
2, 3
Let o = 1953 + -805. List the prime factors of o.
2, 7, 41
List the prime factors of (-6 + 432)/2 - 2.
211
Suppose -432 = -a + 7*a. Let o = 144 + a. List the prime factors of o.
2, 3
Suppose -y = 1, 2*f + 2*y + 0*y + 2 = 0. Suppose 4*d - 156 - 112 = f. List the prime factors of d.
67
Let m(c) = -91*c**2 - 2*c + 6. Let l be m(-2). Let s = -220 - l. What are the prime factors of s?
2, 67
Let k = 38 + -42. What are the prime factors of ((-9)/(45/(-20)))/(k/(-42))?
2, 3, 7
Let d(n) = -n - 33. Let c be d(0). List the prime factors of (-798)/c - (-4)/(-22).
2, 3
Let f be (4 - 0)/(2/2). Suppose -4*g - 3*n - 85 = -6*n, -12 = -f*n. Let q = 7 - g. What are the prime factors of q?
2, 13
List the prime factors of (138/(-5))/((-73)/730).
2, 3, 23
Let c = -3 + 8. Let m be 29/1 - (4/(-4) + 5). Suppose -5*t + 293 = 5*o - 12, 0 = -c*t + m. List the prime factors of o.
2, 7
Let o(a) = a**2 + 30*a + 100. List the prime factors of o(-31).
131
Suppose 5*h + 0 - 25 = 0. Let g(s) = -12*s - 108. Let c be g(-12). Let z = c + h. What are the prime factors of z?
41
Let d = -67 + 491. List the prime factors of d.
2, 53
Let h = -247 + 651. List the prime factors of h.
2, 101
Suppose 3*u + 5*s + 1178 = 4667, 0 = 4*u - 4*s - 4684. What are the prime factors of u?
2, 73
Suppose -2*c + 5*c - 6 = 0. Suppose -b - 28 = -3*l - 5*b, b = -l + 8. Suppose 0 = c*j - d + 2*d - 21, -l*d - 12 = -4*j. List the prime factors of j.
2
Let f(o) = -9 + 10 + 8*o - o**2 - 4*o. Let q be f(-6). Let t = -3 - q. What are the prime factors of t?
2, 7
Suppose -n = -4*g + 4503, -4*n + 4305 = 5*g - 1329. List the prime factors of g.
2, 563
Let g = 43 + 22. Suppose -g = -10*t + 5*t. List the prime factors of t.
13
Let w = -1 - -5. Suppose -133 = -w*b + 7. Suppose -2*a + 41 = 4*g - b, g = 3*a + 33. What are the prime factors of g?
3, 7
Suppose -9 = -5*r + l, -3*l - 2*l - 17 = 3*r. Let y be (24/(-14))/(r/(-7)). Let j = y + -8. What are the prime factors of j?
2
Suppose 2*f = -f - 57. Let c = 24 + f. Suppose -c*p + 43 = -22. List the prime factors of p.
13
Let x(a) = -a**3 - 26*a**2 + 35*a - 45. What are the prime factors of x(-28)?
3, 181
Let u be (7 - 4) + -3*1. Suppose 4*x - 6*x = u. Suppose 3*v - n - 4 - 79 = x, 140 = 5*v - 2*n. What are the prime factors of v?
2, 13
Suppose 0 = -6*v - 17 - 19. List the prime factors of (-220)/v - 2/3.
2, 3
Let t(k) = 10*k - 7*k + 3*k**2 - 5*k - 1 + 0*k. Let l be t(-1). Suppose 0 = -4*z + l*n + 168, -2*z + 3*n - 2*n = -80. What are the prime factors of z?
2, 19
Let b(q) = 92*q**2 - 4*q + 3. List the prime factors of b(3).
3, 7, 13
Let b be (-7 - 38)*2/2. Let l = b - -94. Let q = -29 + l. List the prime factors of q.
2, 5
Let j(l) = -l**3 + 6*l**2 + 11*l - 13. Let n = -19 - -33. Suppose t = -t + n. List the prime factors of j(t).
3, 5
Suppose 0 = -2*f + 2*o - 0*o - 468, o = -2*f - 471. Let u = 358 + f. List the prime factors of u.
3, 41
List the prime factors of ((-1)/3)/((-4)/(-252)*-1).
3, 7
List the prime factors of ((-3346)/56)/(1/(-4)).
239
Suppose 4 = -19*n + 20*n. Suppose -3*w + s + 6 = 0, 5*w + n = s + 12. What are the prime factors of 1/(-3)*(-75)/w?
5
Let z be (-168)/(-14)*2/6. Suppose -o + 3 = 0, z*b - 4*o = 158 + 194. List the prime factors of b.
7, 13
Let f = 169 + 543. Suppose f + 832 = 8*t. List the prime factors of t.
193
Suppose 0*q - 3*s + 917 = -4*q, -5*s = -q - 225. Let m = -68 - q. What are the prime factors of m?
2, 3
Let w be (-8)/10 + 32/40. Suppose 3*n + n - 164 = 4*t, w = -5*n - 5*t + 215. List the prime factors of n.
2, 3, 7
Suppose 0 = -6*u - 11*u + 57528. What are the prime factors of u?
2, 3, 47
Let m(r) be the third derivative of 0 - 1/6*r**3 - 5*r**2 + 0*r**5 - 1/12*r**4 - 5/24*r**6 + 0*r. What are the prime factors of m(-1)?
2, 13
Let u(y) = 6*y**2 - 14*y - 61. List the prime factors of u(-13).
5, 227
Suppose c + 3*a + 2 = -a, -2*c = 2*a - 2. Let k(z) = -1 + z**3 - 8*z**c + 4*z**2 + 10*z**2. List the prime factors of k(-4).
31
Suppose -4*v - 116 = 56. List the prime factors of 0/1 + -1 - v.
2, 3, 7
Let m = -12 - -15. What are the prime factors of m/(-3 - (-141)/46)?
2, 23
Suppose -2*d + 4*r = -3438, -2*d = -5*d + 5*r + 5155. What are the prime factors of d?
5, 7
Let s(g) = g**3 - 7*g**2 - g - 2. Suppose 4*h - 28 = -0*h. Let d be s(h). Let v = d + 15. List the prime factors of v.
2, 3
Let g(a) = -3*a**3 - 28*a**2 - 9*a + 19. List the prime factors of g(-9).
19
List the prime factors of (-1)/4 + (-116680)/(-160